{"id":86450,"date":"2026-01-17T23:44:06","date_gmt":"2026-01-17T15:44:06","guid":{"rendered":"https:\/\/shop.jellyscart.click\/?post_type=product&#038;p=86450"},"modified":"2026-01-17T23:44:34","modified_gmt":"2026-01-17T15:44:34","slug":"heart-dragon","status":"publish","type":"product","link":"https:\/\/www.sleeppillows.us\/shop\/products\/heart-dragon\/","title":{"rendered":"Heart Dragon"},"content":{"rendered":"<p>Heart Dragon is a culinary romantic, specializing in candlelit dinners for two (or occasionally three, if Amuseables Red Heart insists on helping with presentation).<\/p>\n<p>Her menus are legendary: rose-petal risotto, molten chocolate fondue, and her pi\u00e8ce de r\u00e9sistance: fire-kissed cr\u00e8me br\u00fbl\u00e9e, courtesy of her own gentle flame. (It\u2019s the secret to the perfect crackly top.)<\/p>\n<p>And if the candle ever goes out, she\u2019s your dragon!<\/p>\n<p>&nbsp;<\/p>\n<p class=\"tw-mb-4\">Limited to 1 item per customer<\/p>\n<div class=\"detail-item detail-product_dimensions tw-list-item tw-list-disc tw-list-inside\">Dimensions:\u00a04.7in x 5.5in x 19.7in<\/div>\n<div class=\"detail-item detail-sitting_height tw-list-item tw-list-disc tw-list-inside\">Sitting Height:\u00a04in<\/div>\n<div class=\"detail-item detail-product_wing_span tw-list-item tw-list-disc tw-list-inside\">Wingspan:\u00a09in<\/div>\n<div class=\"detail-item detail-material tw-list-item tw-list-disc tw-list-inside\">Main Materials:\u00a0Polyester<\/div>\n<div class=\"detail-item detail-product_inner_filling tw-list-item tw-list-disc tw-list-inside\">Inner Filling:\u00a0Polyester Fibers, PE Beans<\/div>\n<div class=\"detail-item detail-product_eye_type tw-list-item tw-list-disc tw-list-inside\">Hard Eye<\/div>\n<div class=\"detail-item detail-sku tw-list-item tw-list-disc tw-list-inside\">SKU:\u00a0VAL2DD<\/div>\n","protected":false},"excerpt":{"rendered":"<p>Heart Dragon is a culinary romantic, specializing in candlelit dinners for two (or occasionally three, if Amuseables Red&hellip;<\/p>\n","protected":false},"featured_media":86488,"template":"","meta":[],"product_brand":[],"product_cat":[533],"product_tag":[],"class_list":{"0":"post-86450","1":"product","2":"type-product","3":"status-publish","4":"has-post-thumbnail","6":"product_cat-new1","8":"first","9":"instock","10":"sale","11":"shipping-taxable","12":"purchasable","13":"product-type-simple"},"_links":{"self":[{"href":"https:\/\/www.sleeppillows.us\/shop\/wp-json\/wp\/v2\/product\/86450","targetHints":{"allow":["GET"]}}],"collection":[{"href":"https:\/\/www.sleeppillows.us\/shop\/wp-json\/wp\/v2\/product"}],"about":[{"href":"https:\/\/www.sleeppillows.us\/shop\/wp-json\/wp\/v2\/types\/product"}],"version-history":[{"count":0,"href":"https:\/\/www.sleeppillows.us\/shop\/wp-json\/wp\/v2\/product\/86450\/revisions"}],"wp:featuredmedia":[{"embeddable":true,"href":"https:\/\/www.sleeppillows.us\/shop\/wp-json\/wp\/v2\/media\/86488"}],"wp:attachment":[{"href":"https:\/\/www.sleeppillows.us\/shop\/wp-json\/wp\/v2\/media?parent=86450"}],"wp:term":[{"taxonomy":"product_brand","embeddable":true,"href":"https:\/\/www.sleeppillows.us\/shop\/wp-json\/wp\/v2\/product_brand?post=86450"},{"taxonomy":"product_cat","embeddable":true,"href":"https:\/\/www.sleeppillows.us\/shop\/wp-json\/wp\/v2\/product_cat?post=86450"},{"taxonomy":"product_tag","embeddable":true,"href":"https:\/\/www.sleeppillows.us\/shop\/wp-json\/wp\/v2\/product_tag?post=86450"}],"curies":[{"name":"wp","href":"https:\/\/api.w.org\/{rel}","templated":true}]}}